2*u - 22 = -2*m. Calculate the remainder when b(n) is divided by m.
9
Let n(r) = -r**2 - 15*r + 78. Calculate the remainder when n(-18) is divided by 3.
0
Let r(u) = 5*u - 26. Suppose 0 = -4*l + l + 18. What is the remainder when r(l) is divided by 1?
0
Suppose -k + 249 = 2*k. Let m = k + -46. What is the remainder when 109 is divided by m?
35
Let a = 63 + 18. Let i = 75 - 63. What is the remainder when a is divided by i?
9
Calculate the remainder when 59 is divided by (123/9)/((-29)/(-87)).
18
Let g(x) = x**2 + 4*x - 11. Let o(b) = -b**3 - 2*b**2 - 3*b. Let j be o(-2). What is the remainder when g(j) is divided by (-67)/(-4) - (-2)/8?
15
Let p = -191 - -199. What is the remainder when 129 is divided by p?
1
Let r(v) = -v + 10. Suppose 8*j = 3*j - 4*g - 108, 0 = -4*j - 5*g - 81. Calculate the remainder when r(j) is divided by 22.
12
Let h = -1439 - -1624. What is the remainder when h is divided by 47?
44
Let p = -1617 + 2307. Calculate the remainder when p is divided by 21.
18
Suppose 0*f + 25*f - 275 = 0. Calculate the remainder when 369 is divided by f.
6
Suppose -9 = 12*a - 33. Calculate the remainder when (-285)/(-2) - a - 5/(-10) is divided by 11.
9
Suppose -13*s + 16*s = 0. Suppose 9*l + s*l - 207 = 0. Suppose -3*b = 2*y - 119, 2*y = b - y - 58. Calculate the remainder when b is divided by l.
20
Suppose a - d = 18 + 13, 0 = 2*d + 4. Calculate the remainder when a is divided by 24.
5
Suppose m = -n + 27, -3*n + 38 - 153 = -4*m. What is the remainder when 2826 is divided by m?
26
Let c = -110 + 132. Calculate the remainder when c is divided by 4.
2
What is the remainder when 267 is divided by (-58)/(-3) - ((-174)/18 - -11)?
15
Let g(u) be the first derivative of u**4/4 - 3*u**3 + 4*u**2 + 3*u + 4. Calculate the remainder when (6/3)/(-1) - -13 is divided by g(8).
2
Suppose 363 = 43*r - 32*r. What is the remainder when 91 is divided by r?
25
Suppose 0 = -s + 3 - 1. Suppose 0 = -4*i + y - 17 - 5, -9 = i - s*y. Calculate the remainder when (-1)/i - (-820)/25 is divided by 18.
15
Suppose 4*f - 13 = -5*i, 0 = -i - 1 - 2. Let t(z) be the first derivative of 19*z**3/3 + z + 1. Calculate the remainder when t(-1) is divided by f.
6
Suppose 7*i + 52 = -95. What is the remainder when 49 is divided by (-3 - i/(-6))*-4?
23
Suppose 5*w = -3*x + 96, 2*x = -3*w - 3*x + 48. Let z(l) = 2*l**2 + 3*l - 1. What is the remainder when z(-5) is divided by (-1)/((-1)/1 + 18/w)?
6
Suppose r - 6 = -r, 2*r - 111 = -3*h. Suppose 5*t = 2*q + 94, -10*q + 15*q = -t + 8. What is the remainder when h is divided by t?
17
Let z = 10 + -7. Let y(k) = 3*k + 3. Calculate the remainder when z is divided by y(0).
0
Let p(j) = j**3 - 16*j**2 + 2*j - 31. Let f be p(16). Let k be 4/((-2)/(-7)*-1). Let l = f - k. What is the remainder when 27 is divided by l?
12
Let h = 14 - 11. Let x be -2 + (h - 1) + -1. Let u = 21 - x. What is the remainder when u is divided by 8?
6
Let m(t) = t**3 + 7*t**2 - 5*t + 14. Let r = -19 - -12. What is the remainder when m(r) is divided by ((-34)/(-4))/((-2)/(-4))?
15
Suppose o - 5*c = 35, -4*c - 187 = -3*o - 49. Calculate the remainder when 212 is divided by o.
12
Let o(z) = -z + 24. Let w be o(20). Suppose 0 = -w*u + 144 - 32. Calculate the remainder when 82 is divided by u.
26
Let i = 15 + -11. Suppose z - 5*g + 2 = -i, -z - 2*g + 8 = 0. What is the remainder when z is divided by 1?
0
Let w(y) = 11*y - 73. Let d(j) = j**2 + 2*j - 6. Let h be d(-5). Calculate the remainder when 181 is divided by w(h).
25
Let f(y) = -4*y**2 + y + 5*y**2 + 2*y**2 + 3*y - 4. Suppose -4*n + 5*n - 29 = 0. Calculate the remainder when n is divided by f(2).
13
Let k(l) = -l - 448. Let t be k(0). Calculate the remainder when ((-18)/(-12))/((-454)/t - 1) is divided by 23.
20
Let v = -22 + 86. Let w = v + -13. Let c = w + 34. What is the remainder when c is divided by 22?
19
Let m = -93 - -97. Suppose 7*o - m*o - 42 = 0. What is the remainder when o is divided by 9?
5
Let r(j) = -3*j - 42. Let n be r(-14). Suppose n = -2*v - 3*d + 33, 4*v - 125 = -v + d. Let u = 39 - -31. Calculate the remainder when u is divided by v.
22
Suppose b - 4*b + 9 = 0. Suppose -q + 1 = -3. Suppose q*c = -5*r + 239, b*r = 4*r - c - 46. Calculate the remainder when r is divided by 16.
15
Suppose 0 = -5*z - 869 + 2444. Calculate the remainder when z is divided by 53.
50
Suppose 30*x - 131 - 559 = 0. Calculate the remainder when 158 is divided by x.
20
Suppose f - 13 = 5*r, -23*f + 21*f - 4*r = -82. Suppose -o = -5*x - 105, 0*o - x = -5*o + 645. What is the remainder when o is divided by f?
31
Let t(f) = -2*f + 50. Let o be t(23). Suppose 2*b + 8*c - 22 = 3*c, -o*b = 5*c - 44. Calculate the remainder when 151 is divided by b.
8
What is the remainder when (26 - 1) + 5 + (-40)/8 is divided by 20?
5
Let h = -292 - -362. Calculate the remainder when 418 is divided by h.
68
Let y be (4 - 1) + -1 + -15. Let w = y - -1. Let h = -3 - w. What is the remainder when 17 is divided by h?
8
Let l(t) = -11*t - 21. Calculate the remainder when l(-16) is divided by 26.
25
Suppose -3*y + l = -21, 3*y + 8 = 3*l + 35. Let q be 128/24 + (-2)/y. Suppose 1078 = 2*b + q*b. What is the remainder when b is divided by 39?
37
Suppose 4*z = 4*t - 16, -3*t + 13 = 22*z - 24*z. Calculate the remainder when 15 is divided by z.
0
Suppose 10*g - 2 = 11*g. Let x = g + 10. Calculate the remainder when 30 is divided by x.
6
Let r = 13 - 16. Suppose -22 = -f - f. What is the remainder when -2*92/(-4) + r is divided by f?
10
Let y(q) = q**3 + 5. Let z(t) = -10*t + 43. What is the remainder when z(3) is divided by y(0)?
3
Let k be -2 + (-2 - -2) - -102. Suppose 101 = 4*g - 3*z, -4*z - k = g - 5*g. Calculate the remainder when 71 is divided by g.
19
Let x = -33 + 25. Calculate the remainder when 44 is divided by 67/5 + x/20.
5
Let h be 24/(-18) + (-20)/(-6). Calculate the remainder when 1*(-4 + h - -55) is divided by 15.
8
Suppose -4*x = -2*c + 66, -5*x - 13 = 3*c - 145. Let a be 232/6 - (-4)/12. Suppose -3*d + a - 9 = 0. Calculate the remainder when c is divided by d.
9
Suppose 2*v - 3*p - 282 = 5*v, p - 200 = 2*v. Let y = v + 231. What is the remainder when y is divided by 27?
25
Suppose -i = 62 - 60. Let b(p) = -20*p - 5. Calculate the remainder when b(i) is divided by 9.
8
Calculate the remainder when ((-320)/140)/((-6)/147) is divided by 13.
4
Let l(w) = 6*w**3 - w**2 + w. Let x be l(1). Suppose -x*t = -12*t + 78. What is the remainder when 116 is divided by t?
12
Let x = -20 + 40. Calculate the remainder when (-53)/1*(-32 - -31) is divided by x.
13
Let p(c) = 32*c**2 + 5*c - 6. Let d be p(3). Let r(v) = 2*v**2 - 4*v - 7. What is the remainder when r(-5) is divided by ((-4)/6)/((-18)/d)?
8
Suppose 2*v + n = 6*n - 10, -5*v + 2*n + 17 = 0. Let k(p) = 0 + 3 - 6 - 4 - v*p. What is the remainder when 49 is divided by k(-4)?
10
Suppose -7*h - n + 491 = -2*h, 0 = 2*h - 4*n - 192. What is the remainder when h is divided by 51?
47
Suppose 2*m + 7 = 59. Let j = m - -2. Let l = -17 + j. What is the remainder when 19 is divided by l?
8
Let u(h) = -h**3 + 3*h**2 + 19*h + 8. Calculate the remainder when 94 is divided by u(-4).
6
Suppose -5*j - 372 = -17*j. Let s = 40 - j. Calculate the remainder when s is divided by 2.
1
Let q = -149 + 134. Let w(i) = 2*i + 2. Let g be w(-5). Let t = g - q. Calculate the remainder when 20 is divided by t.
6
Let g = -206 - -245. What is the remainder when g is divided by 12?
3
Let y = 29 - 17. Suppose j = 5*d - 3*d - 95, 5*j = -5*d + 215. Calculate the remainder when d is divided by y.
10
What is the remainder when 180 is divided by 39*(2/(-15) - (-7)/15)?
11
Suppose o = t - 0*t - 42, -4*t = -5*o - 172. What is the remainder when 1252 is divided by t?
36
Suppose -4*l + 38 = 2*m - 4, -4*l + m = -33. Calculate the remainder when 17 is divided by l.
8
Let w = 110 + -99. Calculate the remainder when 29 is divided by w.
7
Let d(k) = -k**3 + 4*k**2 + k + 1. Let s be d(4). Suppose -s*r = -2*r - 75. Calculate the remainder when 49 is divided by r.
24
Suppose -5*r - 5 = -310. What is the remainder when r is divided by 13?
9
Let k(n) = -n**3 - 13*n**2 + 82*n + 22. Calculate the remainder when k(-18) is divided by 68.
30
Suppose 5*s + 2 = 3*s + 5*k, 0 = s - 5*k + 6. What is the remainder when 15 is divided by s?
3
Suppose -5*h + 